3207 = 0. What are the prime factors of k?
3, 11, 239
List the prime factors of (-13)/(195/207252)*11/(231/(-70)).
2, 3, 19, 101
Let c be 2/3 + (-32)/(-6). Let g be (-31)/3 - 4/c. Let j = 13 - g. List the prime factors of j.
2, 3
List the prime factors of (41/(-9) + 5)/((-64)/(-10094688)) + 9.
70111
List the prime factors of (-224092)/(-12) + (-132)/(-36).
2, 3, 11, 283
Let t(p) = 3*p**2 + 7*p - 19. Let c(f) = -10*f**2 - 20*f + 56. Let k(x) = -2*c(x) - 7*t(x). Let y be k(-11). List the prime factors of 4/(y - 82/(-78)).
2, 3, 13
Suppose -2*i = r + 4*r - 2578, -1037 = -2*r + 5*i. Suppose 2*h = -68 + r. What are the prime factors of h?
2, 7
Suppose -22*a + 23*a = 1094. Suppose -10*k = a - 14004. What are the prime factors of k?
1291
Let x(b) = -6*b + 12. Let r be x(4). Let v = r - -5. Let q = v + 59. List the prime factors of q.
2, 13
Let y(k) be the third derivative of k**6/120 + k**5/12 - k**4/6 - 25*k**3/6 + 2*k**2 - 29*k. List the prime factors of y(-3).
5
Let u(y) = -13*y + 8*y**2 - 6 - 2 + 0*y**2 - 7*y**2. What are the prime factors of u(-10)?
2, 3, 37
Let v(h) = h**3 + 99*h**2 + 1094*h + 240. What are the prime factors of v(-85)?
2, 3, 5, 7
Let n(r) = -r**3 - 23*r**2 + 61*r - 44. Suppose -t - 5*q - 6 = 0, 74 = -3*t - 8*q + 7*q. List the prime factors of n(t).
2, 199
Let m = -856 - -861. Suppose 5*z + 7485 = m*x, -853 = -4*x + 5*z + 5140. List the prime factors of x.
2, 373
Let z be 17 - (0 + (-3 - -5)). Let c = -12 + z. Suppose -n - 174 = -c*n. What are the prime factors of n?
3, 29
Suppose -2*r - 178 = -2*k, -4*k - 5 - 3 = 0. What are the prime factors of (338/r)/(-13) + (-6193)/(-7)?
3, 5, 59
What are the prime factors of -14636*13629/826*(-1*1)/6?
11, 3659
Suppose -b + 4*s = 8*s - 584, b - s = 559. Suppose 12*f = -0*f - b. Let d = f - -203. What are the prime factors of d?
2, 3, 13
Let m = 322 - -53. Let s = -255 + m. List the prime factors of s.
2, 3, 5
Suppose 4*p + 4*c + 2008 = 2*c, 3*p + 4*c = -1511. Let k = p - -869. What are the prime factors of k?
2, 23
Suppose 60*x + 2263 = 59*x + 4*m, 2*m = 4*x + 8996. List the prime factors of -7*(-3 - x/(-49)).
2, 3, 19
Let q(p) = p**2 + 59*p - 571. Let y be q(9). Suppose 0 = -i + 3*i - 6. Suppose z - 2*o = 14 + y, -i*z + 3*o + 168 = 0. What are the prime factors of z?
3, 19
Let j(b) = 4*b - 21. Let x be (-4)/(-10) - ((-56)/10 - 0). Let v be j(x). Suppose -v*n = -17*n + 1946. List the prime factors of n.
139
Let w(t) = -23*t**3 - 119*t**2 - 981*t - 16. List the prime factors of w(-9).
19, 839
Let c(f) = -f**3 - 21*f**2 + 19*f - 80. List the prime factors of c(-41).
181
Let x(p) = -p**2 + 2*p + 44. Let c = 69 - 59. Let i be x(c). List the prime factors of (i + 2)/(13/(-65)).
2, 5, 17
Let b be -1 + (-2 - -2) + (-4 - -5). Suppose 10*k + 590 + 160 = b. List the prime factors of ((-36)/5)/(10/k).
2, 3
Suppose 0 = -3*t - 6, 5*s - 13 + 4 = -3*t. Suppose 2*k - s - 5 = 0. Suppose -i = k*i - 110. What are the prime factors of i?
2, 11
Let u be (-12)/(-102) + 349132/119. Let z = u + -2048. What are the prime factors of z?
2, 443
Let y = -669 - -674. Suppose y*q = -20*v + 17*v + 9239, -3*q + 5544 = 2*v. List the prime factors of q.
2, 13, 71
Let m = 8245 - 1807. List the prime factors of m.
2, 3, 29, 37
Suppose 28*u - 23*u = -3*c + 28875, -4*u - c + 23100 = 0. What are the prime factors of u?
3, 5, 7, 11
Let s(v) = -21*v**2 + 1039*v + 60. What are the prime factors of s(49)?
2, 5, 11
Suppose -k + 3*k - 2*z - 20 = 0, -5*k + 49 = -4*z. Let c be (-12)/k*3/(-2). Suppose -2*r - c*r = -2*p - 158, 3*r - 115 = 5*p. What are the prime factors of r?
2, 5
Let j(w) = -2*w**2 + 20*w - 222. Let k(g) = -g**2 + 9*g - 111. Let m(n) = -6*j(n) + 11*k(n). List the prime factors of m(8).
7
Let j(k) be the second derivative of -5*k**4/6 + k**3/6 - k**2/2 + 17*k. Let b be j(-3). Let p = b - -131. What are the prime factors of p?
37
Let i(g) = g**3 - 27*g**2 + 29*g - 6. Let s be i(26). Suppose s - 40 = 4*j. Suppose 0 = -13*k + j*k + 880. List the prime factors of k.
2, 11
Let u(n) = n**3 + 166*n**2 + 299*n + 431. What are the prime factors of u(-163)?
3, 1163
Let j = 71 - 62. Let k = j + 38. Let i = 174 - k. What are the prime factors of i?
127
Let s be (1 + -2)/((-1)/7). Suppose s*h - 2*h - 210 = 0. Suppose 5*p = 423 + h. List the prime factors of p.
3, 31
Suppose 15111 + 7665 = 7*f - 25335. What are the prime factors of f?
3, 29, 79
Suppose 154*w - 89867 = 140*w + 92567. List the prime factors of w.
83, 157
Suppose 2*q = 1348 - 540. List the prime factors of q.
2, 101
Let u(n) = n**3 - 24*n**2 + n + 24. Let p be u(24). Suppose 0 = 22*v - 24*v + p. Suppose v*h + 96 = 27*h. What are the prime factors of h?
2
Suppose -20*k + 3*a = -17*k - 22920, 15268 = 2*k + 2*a. What are the prime factors of k?
7, 1091
Let m(f) be the second derivative of f**5/6 - f**4/8 + f**3/6 + 6*f**2 + 8*f. Let i(t) be the first derivative of m(t). List the prime factors of i(3).
2, 41
Let k be 1088/288 - (-4)/18. What are the prime factors of 1327 + (-64)/48 + k/3?
1327
Let j(r) = -r**3 - 8*r**2 - 9*r + 6. Suppose 4*b = i, -5*b + 8 - 1 = -3*i. Let d be ((-15)/30)/(30/28 + b). List the prime factors of j(d).
2, 5
Let b = 99 + -37. Suppose 22 + b = 7*z. Let y = z - -27. List the prime factors of y.
3, 13
Let q = 11744 + 13096. What are the prime factors of q?
2, 3, 5, 23
Suppose 502*y - 322080 = 406*y. What are the prime factors of y?
5, 11, 61
Let y = 135 - 162. Let a be (40/15)/(6/y). List the prime factors of 1720/a*(-6)/5.
2, 43
Suppose -450 = -21*w + 117. Let m(v) = -v**2 + 45*v - 81. What are the prime factors of m(w)?
3, 5
Suppose -3*y = 4*p - 4*y - 18, -3*p = -5*y - 22. Suppose -175 = p*o + 137. Let f = o - -157. What are the prime factors of f?
79
Let l(f) = 52*f + 97. Let c = -573 - -573. List the prime factors of l(c).
97
Suppose -27*u + 136539 = 2*u - 239446. What are the prime factors of u?
5, 2593
Let r = -59 + 76. Suppose 10 = 9*h - r. Suppose -3*c = -0*c, -3*c = h*f - 456. What are the prime factors of f?
2, 19
Suppose 13*g = 9*g + h - 41063, 3*h - 10252 = g. List the prime factors of g/(-10) - 237/(-790).
13, 79
Suppose 0 = -2*b + 44 - 50. Let f(w) = -2*w**3 - 4*w**2 - 5*w - 14. List the prime factors of f(b).
19
Suppose 4*c - 13542 = -2*k, 20*c + k + 16910 = 25*c. Suppose c = 10*t + 503. What are the prime factors of t?
2, 3
Let w be 1 + 28 + -2 + 5. Let b be (3/6)/((-8)/(-1504)). Let y = b - w. What are the prime factors of y?
2, 31
Suppose 4*o + 162412 = 4*c, 11*o - 13*o = 3*c - 121764. What are the prime factors of c?
2, 20297
Suppose 0 = -5*u + 20, 21*u - 8 = w + 18*u. Suppose 10 = -0*h + 2*h. Suppose 0*m = -h*d + w*m + 455, 0 = 2*m. What are the prime factors of d?
7, 13
Let r = 116 - 115. List the prime factors of (6075/(-100))/(r/(-4)).
3
Suppose -56*p + 14 = -54*p. Suppose 4*o + 213 = 10*d - p*d, 0 = 3*d + 5*o - 213. What are the prime factors of d?
71
Let g(a) = -3*a**3 - 26*a**2 - 15*a + 25. Let x be g(-13). Suppose -x = -10*q + 5493. List the prime factors of q.
7, 113
Let q(l) = 7 + 5 + l - 16 - 5*l**2. Let x(f) = 6*f**2 + 3. Let v(s) = -3*q(s) - 2*x(s). List the prime factors of v(-7).
2, 3, 29
Let i = -7982 - -17698. What are the prime factors of i?
2, 7, 347
Let o(z) = -234*z**3 - 2*z**2 - 42*z + 5. List the prime factors of o(-6).
7, 7247
List the prime factors of (-26724)/(1 - 3) - (53 + -65 + 12).
2, 3, 17, 131
Let k(q) = -q**3 - 20*q**2 - 3*q + 3. Let t(r) = 3*r**3 + 41*r**2 + 7*r - 6. Let m(c) = -5*k(c) - 2*t(c). List the prime factors of m(16).
3, 5, 7
Let a(x) = -35*x - x**3 + 8 - 2*x**2 + 43*x + 1. Let u(z) = -z**3 - 6*z**2 - 2*z + 11. Let b be u(-5). List the prime factors of a(b).
3
Let b(x) = -x**2 + 22*x + 14. Let a = -15 + 20. Suppose v - a = 4*n + 5, v = 3*n + 11. List the prime factors of b(v).
2, 3, 7
Let m(c) = -c**3 - 4*c**2 + 16*c + 38. Suppose 49 + 23 = -9*p. List the prime factors of m(p).
2, 83
Let u = -5102 + 5369. List the prime factors of u.
3, 89
Suppose -259*t + 256*t + 1962 = 0. Suppose 0 = 18*p - 20*p - u + 1302, -p = -u - t. List the prime factors of p.
2, 163
Suppose -28 = -5*y + 5*u + 32, 2*u + 14 = y. Let l be (16/5)/(-8) - (-44)/y. Suppose -q = -l*q + 438. List the prime factors of q.
2, 73
Suppose 18053 = 5*f + 3*l, -28*l - 14439 = -4*f - 27*l. What are the prime factors of f?
2, 5, 